{"id":852,"date":"2019-01-23T19:38:14","date_gmt":"2019-01-23T19:38:14","guid":{"rendered":"http:\/\/www.kullasund.se\/index.php\/?page_id=852"},"modified":"2026-04-23T14:55:01","modified_gmt":"2026-04-23T14:55:01","slug":"maklarinfo","status":"publish","type":"page","link":"https:\/\/www.kullasund.se\/index.php\/maklarinfo\/","title":{"rendered":"M\u00e4klarinfo"},"content":{"rendered":"\n<figure class=\"wp-block-table is-style-stripes\"><table><tbody><tr><td><strong>Bygg\u00e5r<\/strong><\/td><td>1990-91<\/td><\/tr><tr><td><strong>Antal bost\u00e4der<\/strong><\/td><td>65 stycken p\u00e5 totalt 6366 kvm<\/td><\/tr><\/tbody><\/table><\/figure>\n\n\n\n<p><strong>35 lgh i de tv\u00e5 punkthusen 1an och 39an och 15 parhus med totalt 30 lgh.  <\/strong><\/p>\n\n\n\n<figure class=\"wp-block-table is-style-stripes\"><table class=\"has-fixed-layout\"><tbody><tr><td><strong>Antal hyresr\u00e4tter:<\/strong> 0<\/td><\/tr><tr><td><strong>Antal lokaler:<\/strong> 0<\/td><\/tr><tr><td><strong>Stambyte senast:<\/strong> Fastighet byggdes 1990, inte aktuellt<\/td><\/tr><tr><td><strong>3-fas i fastigheten:<\/strong> Ja<\/td><\/tr><tr><td><strong>Omfattande renoveringar: <\/strong>Lista p\u00e5 genomf\u00f6r underh\u00e5ll.<\/td><\/tr><tr><td><strong>Typ av uppv\u00e4rmning:<\/strong> Fj\u00e4rrv\u00e4rme<\/td><\/tr><tr><td><strong>Typ av ventilation parhus:<\/strong> Mekanisk fr\u00e5nluft<\/td><\/tr><tr><td><strong>Typ av ventilation flerfamiljhus:<\/strong> mekanisk fr\u00e5n och tilluft med \u00e5tervinning, s\u00e5 kallade FTX-aggregat<\/td><\/tr><tr><td><strong>Energideklaration:&nbsp;<\/strong> &#8211;<\/td><\/tr><tr><td><strong>Obligatorisk funktionskontroll utf\u00f6rd av ventilationssystem:&nbsp;&nbsp;<\/strong>2025<\/td><\/tr><tr><td><strong>Garage och P-plats:<\/strong>  Ja, varje bostad har en tillh\u00f6rande p-plats antingen i garaget eller ute. <\/td><\/tr><tr><td><strong>Kabel-tv:<\/strong> Fastigheten \u00e4r ansluten till Telia<\/td><\/tr><tr><td><strong>Bredband:<\/strong> 1000\/1000 fr\u00e5n Telia<\/td><\/tr><tr><td><strong>Gemensamma utrymmen:&nbsp;<\/strong>Tv\u00e4ttstuga, cykelrum, soprum och \u00f6vernattningsrum. Tv\u00e4ttstugan f\u00e5r endast nyttjas av flerfamiljshusen.<\/td><\/tr><\/tbody><\/table><\/figure>\n\n\n\n<p><strong>Planeras n\u00e5gon st\u00f6rre reparation eller ombyggnad?&nbsp;<\/strong><br \/>Redovisas i f\u00f6reningens underh\u00e5llsplan. Kontakta brfkullasund@outlook.com f\u00f6r mer information.<\/p>\n\n\n\n<h2 class=\"wp-block-heading\">F\u00f6reningen:<br \/><\/h2>\n\n\n\n<figure class=\"wp-block-table is-style-stripes\"><table><tbody><tr><td><strong>F\u00f6reningens juridiska namn:<\/strong> Bostadsr\u00e4ttsf\u00f6reningen Kullasund i Vaxholm Org nr. 716420\u20134096.<\/td><\/tr><tr><td><strong>\u00c5r n\u00e4r f\u00f6rening bildades: <\/strong>1989, k\u00f6ptes fastigheten 1991<\/td><\/tr><tr><td><strong>\u00c4gare:<\/strong> F\u00f6reningen<\/td><\/tr><tr><td><strong>Skatteklassad:<\/strong> f\u00f6reningen \u00e4r skatteklassad som s\u00e5 kallad \u201d\u00e4kta\u201d bostadsr\u00e4ttsf\u00f6rening i dagsl\u00e4get<\/td><\/tr><tr><td><strong>Del\u00e4gande mellan f\u00f6r\u00e4ldrar och barn:<\/strong> Ja, men en av personerna m\u00e5ste bo i l\u00e4genheten. Minsta \u00e4garandel tio procent. <\/td><\/tr><tr><td><strong>Accepteras juridisk person som k\u00f6pare?<\/strong> Nej <\/td><\/tr><tr><td><strong>L\u00e4genhetsf\u00f6rr\u00e5d: <\/strong>Alla l\u00e4genheter har ett f\u00f6rr\u00e5d p\u00e5 markplan. Flerfamiljshusen har f\u00f6rr\u00e5d i markplan i respektive hus medan parhusen har inne i sin l\u00e4genhet.<\/td><\/tr><tr><td><strong>Vad som ing\u00e5r i avgift:<\/strong> V\u00e4rme, vatten och P-plats.<\/td><\/tr><tr><td><strong>\u00d6verl\u00e5telseavgift: <\/strong>F\u00f6reningen\/f\u00f6rvaltaren tar ut 2,5% av prisbasbeloppet som debiteras k\u00f6paren.<\/td><\/tr><tr><td><strong>Pants\u00e4ttningsavgift:&nbsp;<\/strong>F\u00f6reningen\/f\u00f6rvaltaren&nbsp;tar&nbsp;ut&nbsp;1%&nbsp;av&nbsp;prisbasbeloppet<\/td><\/tr><tr><td><strong>Pantf\u00f6rteckning:<\/strong> SVEFAB ansvarar f\u00f6r den tekniska f\u00f6rvaltningen. Ekonomisk f\u00f6rvaltning utf\u00f6rs av Bredablick. <\/td><\/tr><tr><td><strong>Rutiner f\u00f6r medlemsans\u00f6kan:<\/strong>Kontroll att s\u00e4ljaren inte har skulder till f\u00f6reningen. <\/td><\/tr><tr><td><strong>Har f\u00f6reningen beslutat\/diskuterat om n\u00e5gon avgiftsf\u00f6r\u00e4ndring?<\/strong><br \/>Ja, avgiftsf\u00f6r\u00e4ndringar kommer att genomf\u00f6ras under 2026<\/td><\/tr><tr><td><strong>Kameral f\u00f6rvaltare:<\/strong>Ekonomisk f\u00f6rvaltare \u00e4r SVEFAB<\/td><\/tr><tr><td><strong>Fastighetsf\u00f6rvaltning: <\/strong>SVEFAB<\/td><\/tr><tr><td><strong>\u00c5rsredovisningar:<\/strong> <a href=\"https:\/\/www.kullasund.se\/ekonomi\/\">se l\u00e4nk<\/a><\/td><\/tr><tr><td><strong>Stadgar:&nbsp;<\/strong><a href=\"https:\/\/www.kullasund.se\/wp-content\/uploads\/2018\/05\/KullasundsStadgar_2018.pdf\">se&nbsp;l\u00e4nk<\/a><\/td><\/tr><tr><td><strong>Andrahandsuthyrning:&nbsp;<\/strong>Ja,Godtagbara sk\u00e4l som m\u00e5ste godk\u00e4nnas av styrelsen. Vid andrahandsuthyrning \u00e4ger f\u00f6reningen r\u00e4tt att ta ut en f\u00f6rh\u00f6jd avgift under den tid andrahandsuthyrningen p\u00e5g\u00e5r.<br \/><\/td><\/tr><tr><td><strong>Kontakta f\u00f6reningen: <\/strong>brfkullasund@outlook.com<\/td><\/tr><\/tbody><\/table><\/figure>\n\n\n\n<p><strong>Var ska \u00f6verl\u00e5telsehandlingarna\/Medlemsans\u00f6kan skickas?<br \/><\/strong>Skickas till BRF Kullasund<\/p>\n\n\n\n<p>c\/o Bredablick F\u00f6rvaltning AB<\/p>\n\n\n\n<p>BOX 6083<\/p>\n\n\n\n<p>102 32 Stockholm<\/p>\n\n\n\n<p><\/p>\n\n\n\n<p><\/p>\n\n\n\n<h4 class=\"wp-block-heading\"><strong>Hur f\u00e5r jag ett l\u00e4genhetsutdrag\/en m\u00e4klarbild<\/strong><\/h4>\n\n\n\n<p>Kontakta Bredablick, kontaktuppgifter finns under fliken kontakt.<\/p>\n\n\n\n<p>sidan uppdaterad 2026-04-23<\/p>\n\n\n\n<p><\/p>\n","protected":false},"excerpt":{"rendered":"<p>Bygg\u00e5r 1990-91 Antal bost\u00e4der 65 stycken p\u00e5 totalt 6366 kvm 35 lgh i de tv\u00e5 punkthusen 1an och 39an och 15 parhus med totalt 30 lgh. Antal hyresr\u00e4tter: 0 Antal lokaler: 0 Stambyte senast: Fastighet byggdes 1990, inte aktuellt 3-fas<\/p>\n","protected":false},"author":7,"featured_media":0,"parent":0,"menu_order":0,"comment_status":"closed","ping_status":"closed","template":"","meta":{"footnotes":""},"class_list":["post-852","page","type-page","status-publish","hentry"],"_links":{"self":[{"href":"https:\/\/www.kullasund.se\/index.php\/wp-json\/wp\/v2\/pages\/852","targetHints":{"allow":["GET"]}}],"collection":[{"href":"https:\/\/www.kullasund.se\/index.php\/wp-json\/wp\/v2\/pages"}],"about":[{"href":"https:\/\/www.kullasund.se\/index.php\/wp-json\/wp\/v2\/types\/page"}],"author":[{"embeddable":true,"href":"https:\/\/www.kullasund.se\/index.php\/wp-json\/wp\/v2\/users\/7"}],"replies":[{"embeddable":true,"href":"https:\/\/www.kullasund.se\/index.php\/wp-json\/wp\/v2\/comments?post=852"}],"version-history":[{"count":39,"href":"https:\/\/www.kullasund.se\/index.php\/wp-json\/wp\/v2\/pages\/852\/revisions"}],"predecessor-version":[{"id":1299,"href":"https:\/\/www.kullasund.se\/index.php\/wp-json\/wp\/v2\/pages\/852\/revisions\/1299"}],"wp:attachment":[{"href":"https:\/\/www.kullasund.se\/index.php\/wp-json\/wp\/v2\/media?parent=852"}],"curies":[{"name":"wp","href":"https:\/\/api.w.org\/{rel}","templated":true}]}}