{"id":756,"date":"2019-01-22T06:29:57","date_gmt":"2019-01-22T06:29:57","guid":{"rendered":"http:\/\/www.kullasund.se\/index.php\/?page_id=756"},"modified":"2022-12-16T11:12:25","modified_gmt":"2022-12-16T11:12:25","slug":"om-kullasund-brf","status":"publish","type":"page","link":"https:\/\/www.kullasund.se\/index.php\/om-kullasund-brf\/","title":{"rendered":"Om Kullasund Brf"},"content":{"rendered":"\n<figure class=\"wp-block-image size-large\"><img loading=\"lazy\" decoding=\"async\" width=\"1024\" height=\"768\" src=\"https:\/\/www.kullasund.se\/wp-content\/uploads\/2022\/12\/h6-1-1024x768.jpg\" alt=\"\" class=\"wp-image-1134\" srcset=\"https:\/\/www.kullasund.se\/wp-content\/uploads\/2022\/12\/h6-1-1024x768.jpg 1024w, https:\/\/www.kullasund.se\/wp-content\/uploads\/2022\/12\/h6-1-300x225.jpg 300w, https:\/\/www.kullasund.se\/wp-content\/uploads\/2022\/12\/h6-1-768x576.jpg 768w, https:\/\/www.kullasund.se\/wp-content\/uploads\/2022\/12\/h6-1-1536x1152.jpg 1536w, https:\/\/www.kullasund.se\/wp-content\/uploads\/2022\/12\/h6-1.jpg 2000w\" sizes=\"auto, (max-width: 1024px) 100vw, 1024px\" \/><\/figure>\n\n\n\n<p>Vaxholm, ofta ben\u00e4mnd som \u201dhuvudstad i Stockholms sk\u00e4rg\u00e5rd\u201d \u00e4r en kulturell&nbsp;sk\u00e4rg\u00e5rdsstad, en sm\u00e5stadsidyll och en av de mest attraktiva kommunerna i Stockholms n\u00e4rhet.<\/p>\n\n\n\n<p>\n\n F\u00f6reningen best\u00e5r av ett antal parhus, i olika storlek, samt tv\u00e5 flerfamiljshus.&nbsp;Totalt finns det 65 l\u00e4genheter i f\u00f6reningen.&nbsp;F\u00f6reningen \u00e4r v\u00e4lsk\u00f6tt s\u00e5v\u00e4l vad det g\u00e4ller underh\u00e5ll och yttre milj\u00f6 som ekonomi.&nbsp;Mycket av omkostnaderna f\u00f6r ett boende \u00e4r redan inbakat i m\u00e5nadsavgiften,&nbsp;p-plats i gemensamt garage, v\u00e4rme och kallvatten.&nbsp;Det \u00e4r v\u00e5r f\u00f6rhoppning att du letar vidare p\u00e5 v\u00e5r hemsida och ta del av&nbsp;vad v\u00e5r f\u00f6rening har att erbjuda.\n\n<\/p>\n\n\n\n<p>Kommunen omfattar 112 kvadratkilometer land och vatten och breder ut sig \u00f6ver 64 \u00f6ar&nbsp; samt den gr\u00f6na halv\u00f6n Bogesundslandet.&nbsp;Totalt bor ca 12.000 m\u00e4nniskor i kommunen.&nbsp;Huvud\u00f6n \u00e4r Vax\u00f6n d\u00e4r kommuncentrum och det mesta ger goda m\u00f6jligheter till friluftsliv och&nbsp;den omedelbara n\u00e4rheten till Stockholms innerstad \u00e4r n\u00e5gra av de faktorer som bidrar till att&nbsp;s\u00e5 m\u00e5nga vill bo i Vaxholm.<\/p>\n\n\n\n<p>&nbsp;Vaxholm, ofta ben\u00e4mnd som \u201dhuvudstad i Stockholms sk\u00e4rg\u00e5rd\u201d \u00e4r en kulturell&nbsp;sk\u00e4rg\u00e5rdsstad, en sm\u00e5stadsidyll och en av de mest attraktiva kommunerna i Stockholms n\u00e4rhet.<br \/><\/p>\n","protected":false},"excerpt":{"rendered":"<p>Vaxholm, ofta ben\u00e4mnd som \u201dhuvudstad i Stockholms sk\u00e4rg\u00e5rd\u201d \u00e4r en kulturell&nbsp;sk\u00e4rg\u00e5rdsstad, en sm\u00e5stadsidyll och en av de mest attraktiva kommunerna i Stockholms n\u00e4rhet. F\u00f6reningen best\u00e5r av ett antal parhus, i olika storlek, samt tv\u00e5 flerfamiljshus.&nbsp;Totalt finns det 65 l\u00e4genheter i<\/p>\n","protected":false},"author":7,"featured_media":0,"parent":0,"menu_order":0,"comment_status":"closed","ping_status":"closed","template":"","meta":{"footnotes":""},"class_list":["post-756","page","type-page","status-publish","hentry"],"_links":{"self":[{"href":"https:\/\/www.kullasund.se\/index.php\/wp-json\/wp\/v2\/pages\/756","targetHints":{"allow":["GET"]}}],"collection":[{"href":"https:\/\/www.kullasund.se\/index.php\/wp-json\/wp\/v2\/pages"}],"about":[{"href":"https:\/\/www.kullasund.se\/index.php\/wp-json\/wp\/v2\/types\/page"}],"author":[{"embeddable":true,"href":"https:\/\/www.kullasund.se\/index.php\/wp-json\/wp\/v2\/users\/7"}],"replies":[{"embeddable":true,"href":"https:\/\/www.kullasund.se\/index.php\/wp-json\/wp\/v2\/comments?post=756"}],"version-history":[{"count":3,"href":"https:\/\/www.kullasund.se\/index.php\/wp-json\/wp\/v2\/pages\/756\/revisions"}],"predecessor-version":[{"id":1136,"href":"https:\/\/www.kullasund.se\/index.php\/wp-json\/wp\/v2\/pages\/756\/revisions\/1136"}],"wp:attachment":[{"href":"https:\/\/www.kullasund.se\/index.php\/wp-json\/wp\/v2\/media?parent=756"}],"curies":[{"name":"wp","href":"https:\/\/api.w.org\/{rel}","templated":true}]}}